- 7.
-7
-50 - -54 - (3 - 5)
6
What is the value of (316 - 341) + -1 + 32?
6
Evaluate -17 + 0 + 15 - (1 + -15).
12
-47 + -4 + 7 - (-96 - -82)
-30
What is the value of 18 + (-17 - (-13 + -20) - 15)?
19
Evaluate (-1 - 19) + (9 - (2 + -1)).
-12
What is 1 + (-4 - (-3 - -4)) + -7 + 28?
17
What is the value of (0 - 0) + (41 - (12 + 15))?
14
What is the value of 8 - (14 + (-3 - 15) - (2 - 21))?
-7
Calculate (0 - -2) + -4 + 2 + (-20 - -26).
6
Calculate -5 - (11 + -37 - -17).
4
-3 + (2 - 3) + 11 - -4
11
What is (2 - 0) + -7 + (89 - 102)?
-18
What is -8 + -4 + 16 + -9 + 5?
0
What is the value of -22 + (7 + -2 - -7) + -8?
-18
What is 12 - ((26 - 8) + -2)?
-4
1 - 9 - (2 + 13 + -15)
-8
What is -12 + 12 - (1 + 13)?
-14
Calculate 13 + 1 - (72 + -10 + -25).
-23
12 - (7 + -22) - 33
-6
What is 31 - (2 + 22) - -13?
20
Evaluate -15 + -23 + (47 - -9).
18
Evaluate -266 + 290 + 1 + -2.
23
Calculate -1 + 6 - -2 - (-217 - -198).
26
What is -12 + (34 - (6 - -6) - -14)?
24
What is the value of -72 + 89 - ((3 - 3) + 10) - -27?
34
Evaluate (1 - -4) + -10 + (-1 - -1) - -9.
4
Calculate 0 + 6 + (-12 - -15) + -16.
-7
What is (16 - 27) + (-15 - -35)?
9
What is the value of -5 + (12 - (-4 + -2)) - (-2 + 6)?
9
Calculate (46 - 46) + 7 - (40 - (-3 + 1)).
-35
Evaluate (473 - 480) + (-20 - -3).
-24
-11 - (28 - (-29 + 84))
16
Evaluate 8 + (12 - 15) - (-1 - (-41 + 2)).
-33
(4 + -6 - (16 + -11)) + -15
-22
20 - (-16 + 30 + 15)
-9
15 - 2 - (-44 - (-32 + 1))
26
What is the value of (5 - (20 + 2)) + 7 - (-15 - 11)?
16
What is the value of (8 + -8 + -8 - -4) + 0?
-4
What is the value of (302 - 291) + (2 - 3) + 3?
13
-1 - (4 + 1) - (-63 - -25)
32
What is the value of 130 + -84 + -6 + -12?
28
What is 2 - (-2 + 1) - (20 - (10 - -3))?
-4
Calculate 167 - 180 - (-2 + -10).
-1
What is the value of -15 + (-4 - (-2 + -21))?
4
What is (12 - -11) + (5 - (-6 - -10))?
24
35 + -32 + 23 + 2
28
What is the value of 13 + (25 - 53) - -40?
25
What is (-5 + 14 - 4) + (2 - 2 - -3)?
8
Evaluate (-9 - -14 - -10) + -19.
-4
Evaluate 4 + -8 + (-9 - -1) + 65 + -36.
17
What is -6 + 1 + 21 + -24 - 5?
-13
(-1 - -19) + 26 + -26 + -11
7
Calculate 39 + -3 - (-278 + 310).
4
(-1 - 0) + -5 + (2 - (0 - 8))
4
5 + 1 + (-9 - -1)
-2
(11 - (-12 - -28) - (0 - 8)) + -15
-12
What is the value of (-48 - -31 - (-1 + -1)) + -6?
-21
What is 2 + -4 - (-103 + 124)?
-23
What is -9 + 31 + (37 - 75)?
-16
Calculate (5 - (1 - 5)) + -10 + 6.
5
What is the value of -18 + (-14 - -26) + 10?
4
What is the value of 17 + -2 - 4 - -1?
12
Calculate -3 + 9 - (2 + 18 - (-65 + 59)).
-20
What is the value of 6 + 1 + -11 + (1 - (5 - 8))?
0
What is the value of 18 + -16 - (4 - 0) - -9 - 6?
1
Calculate (-5 - 15 - -10) + -3 + 38.
25
What is the value of (9 + (-1 - 9) + 6 - -2) + 26?
33
3 + 3 + (78 - 74)
10
Calculate (14 - 19) + -3 - (-5 + 0).
-3
-1307 - -1365 - (24 + -2 - 2)
38
What is the value of 68 + -25 + -91 - (-1 - 16)?
-31
What is -13 - (18 - 20 - 10)?
-1
What is 3 + -37 + 68 + -53?
-19
What is the value of 3 + (-10 + 12 - (-2 + 2 - 3))?
8
What is the value of -3 + (7 - (-5 + 11 + 3))?
-5
Calculate -4 - ((-1 - -2) + 0) - (-17 - 2).
14
Calculate (80 - 41 - 32) + -17 + 1 + 12.
3
-316 + 317 - (0 + 1 - 46) - 7
39
What is 34 - (5 + -6 + 0 - -8)?
27
Calculate 4 + (13 - -1 - 22).
-4
Calculate -3 - 2 - (-24 + 31 - 39).
27
(129 - 204 - -86) + 0 + -38 + 1
-26
Calculate 8 + (20 - (-14 + 31)) + -9 + 1.
3
What is 11 + -8 + 0 + (0 - (-4 - -1))?
6
Evaluate 0 + (13 - 7) + -11.
-5
-24 - (-7 + 12 + -19)
-10
What is (1 + -2 + -2 - (195 + -200)) + -26?
-24
What is the value of 3 - ((15 - 6) + -9)?
3
Evaluate -364 + 367 + 3 + -2.
4
What is the value of 1 + 5 - (-10 + -5 + 27)?
-6
What is (-45 - -17 - -27) + (9 - -2 - -1)?
11
Calculate 4 + -39 - -41 - (24 + 0 + 2).
-20
What is the value of -5 + (-19 + 10 - -29)?
15
What is -18 + 0 + 56 - 29?
9
7 + -16 + 3 + 4 - (1 + -8)
5
Calculate -5 + -4 + -3 + -4 + (23 - 1).
6
Evaluate 8 + (10 - -2) + -8 + 3 + -11.
4
Evaluate -7 + 6 + 5 + -20.
-16
(-10 - -17 - -2) + (2 - 0)
11
Evaluate -1 + (2 - 18) + (22 - 15 - 9).
-19
What is the value of 13 + (-16 - 11) + 21?
7
Evaluate 24 - (0 + 7 + 4 + -7).
20
What is the value of -3 + (-24 - -4 - -9) - -9?
-5
6 + -21 - ((-2 - 4) + -5 + 12)
-16
Calculate -2 + 16 + -3 - (-16 + 0 + 23).
4
What is the value of (7 - -7) + (6 - (-7 + 3))?
24
What is -3 + 19 - (14 + -18 - (-13 + 5))?
12
What is the value of -3 - (-5 + 2 + 7 + 11 + -32)?
14
Evaluate -15 + 3 + -2 - (1016 - 1028).
-2
What is the value of -8 + 12 + -5 - (-2 + 0)?
1
What is the value of -7 + -1 - -2 - 12?
-18
Evaluate -5 - (7 + -7 + -6 + (-1 - -13)).
-11
What is -22 + 7 + 3 + -17?
-29
-45 + 6 - (-56 - -4)
13
What is the value of 7 - ((-8 - (-5 - 6)) + 8)?
-4
-20 - (-30 + 22) - -18
6
What is (27 - (25 + -6)) + -28?
-20
What is -1 - 26 - ((-146 - -127) + (3 - -7))?
-18
What is the value of -43 - -10 - -14 - -18?
-1
What is the value of 23 + 6 + -8 + -28?
-7
What is -29 + 27 + -35 + 46?
9
Evaluate 9 + (-1 - -1) + (-80 - -93) + -5.
17
What is the value of (18 - 23) + (5 - 2 - -2) + -26?
-26
Evaluate (-3 - 6 - -6 - 1) + (0 - 7).
-11
Calculate (17 - 1) + -12 + 12.
16
Calculate 51 - 25 - 29 - (-2 + -10).
9
What is 20 + 10 + -23 - 9?
-2
Evaluate 8 + (9 - (-20 + 13 + 16)).
8
Evaluate (4 + (-2 - (-2 - -5)) - -4) + -12.
-9
Calculate 27 - -3 - 60 - -54.
24
Evaluate -20 + (1 - 7) + 8 + 5.
-13
3 + (-4 - 6) + 14 - 7
0
Evaluate -12 + (-7 - -5) - -8.
-6
Calculate -4 + (8 - 2) + -5 - 4.
-7
What is 1703 - 1726 - (-17 - 0)?
-6
Calculate 30 - (52 - 11) - -28.
17
What is -265 + 271 - (2 + 0 + (-3 - 1))?
8
-7 - (4 - 32) - (3 + 7)
11
(-10 - -4) + (-3 - (5 - 5))
-9
Evaluate (22 - -1 - 32) + 22.
13
What is the value of (-16 - -12) + 7 + -1 + -1?
1
What is -6 + 2 + -1 + (-342 - -345)?
-2
What is the value of (-12 - -10 - ((3 - -5) + -12)) + -25?
-23
6 + (-18 - -7) + -8
-13
-104 + 108 + (-10 - -2) + 0 + 0
-4
What is 10 + -9 + (10 - 6) + (0 - 17)?
-12
What is the value of 6 + (-14 - -4 - (-17 + 5))?
8
-12 - (-10 + (-1 - 4))
3
Calculate (-34 - -5) + -18 + 33.
-14
9 + 17 + -37 + 24
13
What is the value of (26 + -11 + 2 - 0) + (0 - 1)?
16
(12 + 4 + 4 - (-1 - -4)) + -4
13
Calculate 9 + -5 + 17 + -16 + 6.
11
What is the value of 2 + (3 - (7 + -11)) - 24?
-15
What is the value of 29 + 11 + -24 - 32?
-16
(-22 - -19) + 4 + (-4 - 12)
-15
Evaluate (-1 - (0 + -8)) + -10.
-3
Evaluate 2 - (-9 + -10 - -31).
-10
Evaluate (-3 - -1 - (9 - 17)) + (3 - -3).
12
-8 - (-20 + 18) - 0
-6
-4 + -6 + (29 - 14)
5
What is the value of 19 + 0 + (33 - 44) - (26 - 1)?
-17
What is the value of 3 - (-26 - (-6 + 3 + -8))?
18
What is 54 + -41 + (7 - 2)?
18
What is 6 + (9 - 8 - (-2 + 8 - 18))?
19
(-10 + (19 - 5) - (3 + -7)) + 13
21
Evaluate 0 + 5 - (12 + -16 - -6).
3
-9 + 7 - (-2 - 4 - -4)
0
19 - (3 + -2) - (12 + -10 + 1)
15
Calculate 2 + -12 - 1 - -3.
-8
Calculate 15 - (62 - (15 + 10)).
-22
Calculate (16 - -10 - 14 - 6) + (-13 - 1).
-8
Calculate (-39 - -6) + (20 - -6).
-7
What is the value of 12 - ((-4 + 8 - -5) + 0)?
3
What is (5 - -2) + (10 - (9 + 2))?
6
Evaluate -1 + (6 - (3 - 2)).
4
What is the value of (-6 - 3) + (-18 - -9 - -3) - -6?
-9
What is the value of -30 - (25 - 28 - (-3 - 8) - 11)?
-27
-7 + (-2 - 2 - -9 - (1 - -12))
-15
Calculate -18 - (1 + (-7 - (-7 + -4)) + -3).
-20
What is -1 - (5 + (3 - 5)) - (-25 - -39)?
-18
7 - (-6 + (-10 + -6 + 19 - 9))
19
What is (-20 - -1) + 14 + -16 + -1?
-22
What is 7 - (-203 + 198 - (6 + 0))?
18
Calculate 24 + (-40 - (-7 - 5)).
-4
What is the value of -8 - -2 - -1 - (79 + -75)?
-9
Evaluate (1 - 0 - (5 + (3 - 8))) + -10.
-9
What is the value of 4 + -2 - (-4 + 18 + -7 + -15)?
10
Evaluate -18 + (12 - -2) + 12.
8
Evaluate 12 + (5 - (4 + 4)).
9
Evaluate 4 + 28 + -2 - (10 - (-5 + 11)).
26
What is the value of (1 - 1) + (101 - 90)?
11
What is the value of -28 + (-20 - -46) + 24?
22
Evaluate 22 - (-4 - (-88 - -28)).
-34
What is the value of 7 - -1 - (-294 - -302)?
0
Evaluate (7 - 9) + 13 + (8 - 10).
9
What is 20 + (-100 - -92) + 1 + 0?
13
What is the value of -6 - (-7 - 2 - -9)?
-6
11 + (9 - 12) - (1 + 6)
1
What is the value of (7 - (4 + 3)) + 9?
9
What is the value of -29 - (-4 + -16) - (1 - 9)?
-1
(44 - (30 + -14) - -3) + -15
16
What is the value of 6 + -5 + (1 - (-8 - -7))?
3
What is 3 + -8 + (1 - -3) - (-7 + -9)?
15
-26 - (36 + (-19 - 52))
9
What is 14 + -37 + 1 + 10?
